[INFO] fetching crate flow 0.3.5...
[INFO] checking flow-0.3.5 against master#cfbc6d4cf1acbac5c025acf8ed68929caa551df3 for pr-75494-beta
[INFO] extracting crate flow 0.3.5 into /workspace/builds/worker-10/source
[INFO] validating manifest of crates.io crate flow 0.3.5 on toolchain cfbc6d4cf1acbac5c025acf8ed68929caa551df3
[INFO] running `Command { std: "/workspace/cargo-home/bin/cargo" "+cfbc6d4cf1acbac5c025acf8ed68929caa551df3" "read-manifest" "--manifest-path" "Cargo.toml", kill_on_drop: false }`
[INFO] started tweaking crates.io crate flow 0.3.5
[INFO] finished tweaking crates.io crate flow 0.3.5
[INFO] tweaked toml for crates.io crate flow 0.3.5 written to /workspace/builds/worker-10/source/Cargo.toml
[INFO] running `Command { std: "/workspace/cargo-home/bin/cargo" "+cfbc6d4cf1acbac5c025acf8ed68929caa551df3" "generate-lockfile" "--manifest-path" "Cargo.toml" "-Zno-index-update", kill_on_drop: false }`
[INFO] running `Command { std: "/workspace/cargo-home/bin/cargo" "+cfbc6d4cf1acbac5c025acf8ed68929caa551df3" "fetch" "--locked" "--manifest-path" "Cargo.toml", kill_on_drop: false }`
[INFO] running `Command { std: "docker" "create" "-v" "/var/lib/crater-agent-workspace/builds/worker-10/target:/opt/rustwide/target:rw,Z" "-v" "/var/lib/crater-agent-workspace/builds/worker-10/source:/opt/rustwide/workdir:ro,Z" "-v" "/var/lib/crater-agent-workspace/cargo-home:/opt/rustwide/cargo-home:ro,Z" "-v" "/var/lib/crater-agent-workspace/rustup-home:/opt/rustwide/rustup-home:ro,Z" "-e" "SOURCE_DIR=/opt/rustwide/workdir" "-e" "CARGO_TARGET_DIR=/opt/rustwide/target" "-e" "CARGO_HOME=/opt/rustwide/cargo-home" "-e" "RUSTUP_HOME=/opt/rustwide/rustup-home" "-w" "/opt/rustwide/workdir" "-m" "1610612736" "--user" "0:0" "--network" "none" "rustops/crates-build-env@sha256:a636fd89d022f18117e1dc8fb37a0a009933cdbbe082814857f0e2024962d47c" "/opt/rustwide/cargo-home/bin/cargo" "+cfbc6d4cf1acbac5c025acf8ed68929caa551df3" "metadata" "--no-deps" "--format-version=1", kill_on_drop: false }`
[INFO] [stderr] WARNING: Your kernel does not support swap limit capabilities or the cgroup is not mounted. Memory limited without swap.
[INFO] [stdout] a31f41b659664afcf1c5a465e720ca4dc0a4c506c2158e1b8b81915e25512959
[INFO] running `Command { std: "docker" "start" "-a" "a31f41b659664afcf1c5a465e720ca4dc0a4c506c2158e1b8b81915e25512959", kill_on_drop: false }`
[INFO] running `Command { std: "docker" "inspect" "a31f41b659664afcf1c5a465e720ca4dc0a4c506c2158e1b8b81915e25512959", kill_on_drop: false }`
[INFO] running `Command { std: "docker" "rm" "-f" "a31f41b659664afcf1c5a465e720ca4dc0a4c506c2158e1b8b81915e25512959", kill_on_drop: false }`
[INFO] [stdout] a31f41b659664afcf1c5a465e720ca4dc0a4c506c2158e1b8b81915e25512959
[INFO] running `Command { std: "docker" "create" "-v" "/var/lib/crater-agent-workspace/builds/worker-10/target:/opt/rustwide/target:rw,Z" "-v" "/var/lib/crater-agent-workspace/builds/worker-10/source:/opt/rustwide/workdir:ro,Z" "-v" "/var/lib/crater-agent-workspace/cargo-home:/opt/rustwide/cargo-home:ro,Z" "-v" "/var/lib/crater-agent-workspace/rustup-home:/opt/rustwide/rustup-home:ro,Z" "-e" "SOURCE_DIR=/opt/rustwide/workdir" "-e" "CARGO_TARGET_DIR=/opt/rustwide/target" "-e" "CARGO_INCREMENTAL=0" "-e" "RUST_BACKTRACE=full" "-e" "RUSTFLAGS=--cap-lints=forbid" "-e" "CARGO_HOME=/opt/rustwide/cargo-home" "-e" "RUSTUP_HOME=/opt/rustwide/rustup-home" "-w" "/opt/rustwide/workdir" "-m" "1610612736" "--user" "0:0" "--network" "none" "rustops/crates-build-env@sha256:a636fd89d022f18117e1dc8fb37a0a009933cdbbe082814857f0e2024962d47c" "/opt/rustwide/cargo-home/bin/cargo" "+cfbc6d4cf1acbac5c025acf8ed68929caa551df3" "check" "--frozen" "--all" "--all-targets" "--message-format=json", kill_on_drop: false }`
[INFO] [stdout] a126894c354afa9882ca9db5212b1f0e2fdf8cd20c9d108c96176e9bb48d3065
[INFO] [stderr] WARNING: Your kernel does not support swap limit capabilities or the cgroup is not mounted. Memory limited without swap.
[INFO] running `Command { std: "docker" "start" "-a" "a126894c354afa9882ca9db5212b1f0e2fdf8cd20c9d108c96176e9bb48d3065", kill_on_drop: false }`
[INFO] [stderr]    Compiling libc v0.2.76
[INFO] [stderr]    Compiling memchr v2.3.3
[INFO] [stderr]     Checking ucd-util v0.1.8
[INFO] [stderr]    Compiling regex v0.2.11
[INFO] [stderr]     Checking lazy_static v1.4.0
[INFO] [stderr]     Checking utf8-ranges v1.0.4
[INFO] [stderr]     Checking lazy_static v0.2.11
[INFO] [stderr]     Checking unicode-segmentation v0.1.3
[INFO] [stderr]    Compiling ncurses v5.99.0
[INFO] [stderr]     Checking toml v0.2.1
[INFO] [stderr]     Checking thread_local v0.3.6
[INFO] [stderr]     Checking regex-syntax v0.5.6
[INFO] [stderr]     Checking aho-corasick v0.6.10
[INFO] [stderr]     Checking memchr v0.1.11
[INFO] [stderr]     Checking thread-id v2.0.0
[INFO] [stderr]     Checking time v0.1.43
[INFO] [stderr]     Checking thread_local v0.2.7
[INFO] [stderr]     Checking aho-corasick v0.5.3
[INFO] [stderr]     Checking regex v0.1.80
[INFO] [stderr]     Checking docopt v0.6.86
[INFO] [stderr]     Checking flow v0.3.5 (/opt/rustwide/workdir)
[INFO] [stdout] warning: use of deprecated item 'try': use the `?` operator instead
[INFO] [stdout]    --> src/core/filter.rs:340:23
[INFO] [stdout]     |
[INFO] [stdout] 340 |                 name: try!(d.read_struct_field("name", 0, |d| d.read_str())),
[INFO] [stdout]     |                       ^^^
[INFO] [stdout]     |
[INFO] [stdout]     = note: `#[warn(deprecated)]` on by default
[INFO] [stdout] 
[INFO] [stdout] 
[INFO] [stdout] warning: use of deprecated item 'std::sync::ONCE_INIT': the `new` function is now preferred
[INFO] [stdout]   --> src/utils/ansi_decoder.rs:25:1
[INFO] [stdout]    |
[INFO] [stdout] 25 | / lazy_static! {
[INFO] [stdout] 26 | |     static ref ANSI_TO_NCURSES_MAPPING: HashMap<&'static str, Style> = {
[INFO] [stdout] 27 | |         let mut codes = HashMap::new();
[INFO] [stdout] 28 | |
[INFO] [stdout] ...  |
[INFO] [stdout] 64 | |     };
[INFO] [stdout] 65 | | }
[INFO] [stdout]    | |_^
[INFO] [stdout]    |
[INFO] [stdout]    = note: this warning originates in a macro (in Nightly builds, run with -Z macro-backtrace for more info)
[INFO] [stdout] 
[INFO] [stdout] 
[INFO] [stdout] warning: use of deprecated item 'std::sync::ONCE_INIT': the `new` function is now preferred
[INFO] [stdout]   --> src/utils/ansi_decoder.rs:82:9
[INFO] [stdout]    |
[INFO] [stdout] 82 | /         lazy_static! {
[INFO] [stdout] 83 | |             static ref BREAK_ANSI_MATCHER: Regex = Regex::new(r"(\x1b\[\d+m)|([^\x1b]*)").unwrap();
[INFO] [stdout] 84 | |         }
[INFO] [stdout]    | |_________^
[INFO] [stdout]    |
[INFO] [stdout]    = note: this warning originates in a macro (in Nightly builds, run with -Z macro-backtrace for more info)
[INFO] [stdout] 
[INFO] [stdout] 
[INFO] [stdout] warning: use of deprecated item 'std::sync::ONCE_INIT': the `new` function is now preferred
[INFO] [stdout]    --> src/utils/ansi_decoder.rs:130:9
[INFO] [stdout]     |
[INFO] [stdout] 130 | /         lazy_static! {
[INFO] [stdout] 131 | |             static ref STRIP_ANSI_MATCHER: Regex = Regex::new(r"(\x1b\[\d+m)").unwrap();
[INFO] [stdout] 132 | |         }
[INFO] [stdout]     | |_________^
[INFO] [stdout]     |
[INFO] [stdout]     = note: this warning originates in a macro (in Nightly builds, run with -Z macro-backtrace for more info)
[INFO] [stdout] 
[INFO] [stdout] 
[INFO] [stdout] warning: use of deprecated item 'std::env::home_dir': This function's behavior is unexpected and probably not what you want. Consider using a crate from crates.io instead.
[INFO] [stdout]   --> src/utils/config_file.rs:63:24
[INFO] [stdout]    |
[INFO] [stdout] 63 |         let mut path = env::home_dir().unwrap();
[INFO] [stdout]    |                        ^^^^^^^^^^^^^
[INFO] [stdout] 
[INFO] [stdout] 
[INFO] [stdout] warning: use of deprecated item 'std::sync::ONCE_INIT': the `new` function is now preferred
[INFO] [stdout]   --> src/core/runner.rs:28:1
[INFO] [stdout]    |
[INFO] [stdout] 28 | / lazy_static! {
[INFO] [stdout] 29 | |     pub static ref RUNNING: AtomicBool = AtomicBool::new(true);
[INFO] [stdout] 30 | | }
[INFO] [stdout]    | |_^
[INFO] [stdout]    |
[INFO] [stdout]    = note: this warning originates in a macro (in Nightly builds, run with -Z macro-backtrace for more info)
[INFO] [stdout] 
[INFO] [stdout] 
[INFO] [stdout] warning: use of deprecated item 'std::sync::ONCE_INIT': the `new` function is now preferred
[INFO] [stdout]    --> src/ui/search.rs:201:9
[INFO] [stdout]     |
[INFO] [stdout] 201 | /         lazy_static! {
[INFO] [stdout] 202 | |             static ref SHORTCUT_MATCHER: Regex = Regex::new(r"(.*)?(\[(\w)\])(.*)?").unwrap();
[INFO] [stdout] 203 | |         }
[INFO] [stdout]     | |_________^
[INFO] [stdout]     |
[INFO] [stdout]     = note: this warning originates in a macro (in Nightly builds, run with -Z macro-backtrace for more info)
[INFO] [stdout] 
[INFO] [stdout] 
[INFO] [stdout] warning: use of deprecated item 'std::env::home_dir': This function's behavior is unexpected and probably not what you want. Consider using a crate from crates.io instead.
[INFO] [stdout]    --> src/ui/readline.rs:122:20
[INFO] [stdout]     |
[INFO] [stdout] 122 |     let mut path = env::home_dir().unwrap();
[INFO] [stdout]     |                    ^^^^^^^^^^^^^
[INFO] [stdout] 
[INFO] [stdout] 
[INFO] [stdout] warning: use of deprecated item 'try': use the `?` operator instead
[INFO] [stdout]    --> src/core/filter.rs:340:23
[INFO] [stdout]     |
[INFO] [stdout] 340 |                 name: try!(d.read_struct_field("name", 0, |d| d.read_str())),
[INFO] [stdout]     |                       ^^^
[INFO] [stdout]     |
[INFO] [stdout]     = note: `#[warn(deprecated)]` on by default
[INFO] [stdout] 
[INFO] [stdout] 
[INFO] [stdout] warning: use of deprecated item 'std::sync::ONCE_INIT': the `new` function is now preferred
[INFO] [stdout]   --> src/utils/ansi_decoder.rs:25:1
[INFO] [stdout]    |
[INFO] [stdout] 25 | / lazy_static! {
[INFO] [stdout] 26 | |     static ref ANSI_TO_NCURSES_MAPPING: HashMap<&'static str, Style> = {
[INFO] [stdout] 27 | |         let mut codes = HashMap::new();
[INFO] [stdout] 28 | |
[INFO] [stdout] ...  |
[INFO] [stdout] 64 | |     };
[INFO] [stdout] 65 | | }
[INFO] [stdout]    | |_^
[INFO] [stdout]    |
[INFO] [stdout]    = note: this warning originates in a macro (in Nightly builds, run with -Z macro-backtrace for more info)
[INFO] [stdout] 
[INFO] [stdout] 
[INFO] [stdout] warning: use of deprecated item 'std::sync::ONCE_INIT': the `new` function is now preferred
[INFO] [stdout]   --> src/utils/ansi_decoder.rs:82:9
[INFO] [stdout]    |
[INFO] [stdout] 82 | /         lazy_static! {
[INFO] [stdout] 83 | |             static ref BREAK_ANSI_MATCHER: Regex = Regex::new(r"(\x1b\[\d+m)|([^\x1b]*)").unwrap();
[INFO] [stdout] 84 | |         }
[INFO] [stdout]    | |_________^
[INFO] [stdout]    |
[INFO] [stdout]    = note: this warning originates in a macro (in Nightly builds, run with -Z macro-backtrace for more info)
[INFO] [stdout] 
[INFO] [stdout] 
[INFO] [stdout] warning: use of deprecated item 'std::sync::ONCE_INIT': the `new` function is now preferred
[INFO] [stdout]    --> src/utils/ansi_decoder.rs:130:9
[INFO] [stdout]     |
[INFO] [stdout] 130 | /         lazy_static! {
[INFO] [stdout] 131 | |             static ref STRIP_ANSI_MATCHER: Regex = Regex::new(r"(\x1b\[\d+m)").unwrap();
[INFO] [stdout] 132 | |         }
[INFO] [stdout]     | |_________^
[INFO] [stdout]     |
[INFO] [stdout]     = note: this warning originates in a macro (in Nightly builds, run with -Z macro-backtrace for more info)
[INFO] [stdout] 
[INFO] [stdout] 
[INFO] [stdout] warning: use of deprecated item 'std::env::home_dir': This function's behavior is unexpected and probably not what you want. Consider using a crate from crates.io instead.
[INFO] [stdout]   --> src/utils/config_file.rs:63:24
[INFO] [stdout]    |
[INFO] [stdout] 63 |         let mut path = env::home_dir().unwrap();
[INFO] [stdout]    |                        ^^^^^^^^^^^^^
[INFO] [stdout] 
[INFO] [stdout] 
[INFO] [stdout] warning: use of deprecated item 'std::sync::ONCE_INIT': the `new` function is now preferred
[INFO] [stdout]   --> src/core/runner.rs:28:1
[INFO] [stdout]    |
[INFO] [stdout] 28 | / lazy_static! {
[INFO] [stdout] 29 | |     pub static ref RUNNING: AtomicBool = AtomicBool::new(true);
[INFO] [stdout] 30 | | }
[INFO] [stdout]    | |_^
[INFO] [stdout]    |
[INFO] [stdout]    = note: this warning originates in a macro (in Nightly builds, run with -Z macro-backtrace for more info)
[INFO] [stdout] 
[INFO] [stdout] 
[INFO] [stdout] warning: use of deprecated item 'std::sync::ONCE_INIT': the `new` function is now preferred
[INFO] [stdout]    --> src/ui/search.rs:201:9
[INFO] [stdout]     |
[INFO] [stdout] 201 | /         lazy_static! {
[INFO] [stdout] 202 | |             static ref SHORTCUT_MATCHER: Regex = Regex::new(r"(.*)?(\[(\w)\])(.*)?").unwrap();
[INFO] [stdout] 203 | |         }
[INFO] [stdout]     | |_________^
[INFO] [stdout]     |
[INFO] [stdout]     = note: this warning originates in a macro (in Nightly builds, run with -Z macro-backtrace for more info)
[INFO] [stdout] 
[INFO] [stdout] 
[INFO] [stdout] warning: use of deprecated item 'std::env::home_dir': This function's behavior is unexpected and probably not what you want. Consider using a crate from crates.io instead.
[INFO] [stdout]    --> src/ui/readline.rs:122:20
[INFO] [stdout]     |
[INFO] [stdout] 122 |     let mut path = env::home_dir().unwrap();
[INFO] [stdout]     |                    ^^^^^^^^^^^^^
[INFO] [stdout] 
[INFO] [stdout] 
[INFO] [stdout] error[E0658]: use of unstable library feature 'option_result_contains'
[INFO] [stdout]   --> src/ui/input.rs:93:17
[INFO] [stdout]    |
[INFO] [stdout] 93 |         if name.contains('^') {
[INFO] [stdout]    |                 ^^^^^^^^
[INFO] [stdout]    |
[INFO] [stdout]    = note: see issue #62358 <https://github.com/rust-lang/rust/issues/62358> for more information
[INFO] [stdout] 
[INFO] [stdout] 
[INFO] [stdout] error[E0308]: mismatched types
[INFO] [stdout]   --> src/ui/input.rs:93:26
[INFO] [stdout]    |
[INFO] [stdout] 93 |         if name.contains('^') {
[INFO] [stdout]    |                          ^^^
[INFO] [stdout]    |                          |
[INFO] [stdout]    |                          expected reference, found `char`
[INFO] [stdout]    |                          help: consider borrowing here: `&'^'`
[INFO] [stdout]    |
[INFO] [stdout]    = note: expected reference `&_`
[INFO] [stdout]                    found type `char`
[INFO] [stdout] 
[INFO] [stdout] 
[INFO] [stdout] error[E0599]: no method named `chars` found for enum `std::option::Option<std::string::String>` in the current scope
[INFO] [stdout]   --> src/ui/input.rs:95:40
[INFO] [stdout]    |
[INFO] [stdout] 95 |             let value = Key::Char(name.chars().last().unwrap());
[INFO] [stdout]    |                                        ^^^^^ method not found in `std::option::Option<std::string::String>`
[INFO] [stdout] 
[INFO] [stdout] 
[INFO] [stdout] error: aborting due to 3 previous errors; 8 warnings emitted
[INFO] [stdout] 
[INFO] [stdout] 
[INFO] [stdout] Some errors have detailed explanations: E0308, E0599, E0658.
[INFO] [stdout] 
[INFO] [stdout] For more information about an error, try `rustc --explain E0308`.
[INFO] [stdout] 
[INFO] [stderr] error: could not compile `flow`.
[INFO] [stderr] 
[INFO] [stderr] To learn more, run the command again with --verbose.
[INFO] [stderr] warning: build failed, waiting for other jobs to finish...
[INFO] [stdout] error[E0658]: use of unstable library feature 'option_result_contains'
[INFO] [stdout]   --> src/ui/input.rs:93:17
[INFO] [stdout]    |
[INFO] [stdout] 93 |         if name.contains('^') {
[INFO] [stdout]    |                 ^^^^^^^^
[INFO] [stdout]    |
[INFO] [stdout]    = note: see issue #62358 <https://github.com/rust-lang/rust/issues/62358> for more information
[INFO] [stdout] 
[INFO] [stdout] 
[INFO] [stdout] error[E0308]: mismatched types
[INFO] [stdout]   --> src/ui/input.rs:93:26
[INFO] [stdout]    |
[INFO] [stdout] 93 |         if name.contains('^') {
[INFO] [stdout]    |                          ^^^
[INFO] [stdout]    |                          |
[INFO] [stdout]    |                          expected reference, found `char`
[INFO] [stdout]    |                          help: consider borrowing here: `&'^'`
[INFO] [stdout]    |
[INFO] [stdout]    = note: expected reference `&_`
[INFO] [stdout]                    found type `char`
[INFO] [stdout] 
[INFO] [stdout] 
[INFO] [stdout] error[E0599]: no method named `chars` found for enum `std::option::Option<std::string::String>` in the current scope
[INFO] [stdout]   --> src/ui/input.rs:95:40
[INFO] [stdout]    |
[INFO] [stdout] 95 |             let value = Key::Char(name.chars().last().unwrap());
[INFO] [stdout]    |                                        ^^^^^ method not found in `std::option::Option<std::string::String>`
[INFO] [stdout] 
[INFO] [stdout] 
[INFO] [stdout] error: aborting due to 3 previous errors; 8 warnings emitted
[INFO] [stdout] 
[INFO] [stdout] 
[INFO] [stdout] Some errors have detailed explanations: E0308, E0599, E0658.
[INFO] [stdout] 
[INFO] [stdout] For more information about an error, try `rustc --explain E0308`.
[INFO] [stdout] 
[INFO] [stderr] error: build failed
[INFO] running `Command { std: "docker" "inspect" "a126894c354afa9882ca9db5212b1f0e2fdf8cd20c9d108c96176e9bb48d3065", kill_on_drop: false }`
[INFO] running `Command { std: "docker" "rm" "-f" "a126894c354afa9882ca9db5212b1f0e2fdf8cd20c9d108c96176e9bb48d3065", kill_on_drop: false }`
[INFO] [stdout] a126894c354afa9882ca9db5212b1f0e2fdf8cd20c9d108c96176e9bb48d3065
